{"id":1034,"date":"2025-03-12T03:35:46","date_gmt":"2025-03-12T03:35:46","guid":{"rendered":"https:\/\/www.mapblog.xyz\/?page_id=1034"},"modified":"2025-04-24T21:10:52","modified_gmt":"2025-04-24T21:10:52","slug":"beispiele-zu-hatespeech","status":"publish","type":"page","link":"https:\/\/www.mapblog.xyz\/?page_id=1034","title":{"rendered":"\ud83c\udde9\ud83c\uddea Beispiele zu Hatespeech"},"content":{"rendered":"\n<p>Hallo, ich dachte, ich er\u00f6ffne mal eine neue kleine Kategorie zur Hatespeech, um aufzuzeigen, was Menschen wie ich, den ganzen Tag an Hassbotschaften wegen ihrer Sexualit\u00e4t ertragen m\u00fcssen.<\/p>\n\n\n\n<p>1) Dieser Post wird st\u00e4ndig aktualisiert.<br>2) Die Nachrichten und die Usernamen werden unzensiert gepostet, wer mit Klarnamen im Netz hetzen kann, der muss auch ertragen dazu Expos\u00e9&#8217;d zu werden.<\/p>\n\n\n\n<div class=\"wp-block-columns is-layout-flex wp-container-core-columns-is-layout-28f84493 wp-block-columns-is-layout-flex\">\n<div class=\"wp-block-column is-layout-flow wp-block-column-is-layout-flow\" style=\"flex-basis:100%\"><div style=\"border: 3px solid #cf2e2e; border-radius: 1%; background-color: inherit; padding-left: var(--wp--preset--spacing--30); padding-right: var(--wp--preset--spacing--30); \" class=\"ub-styled-box ub-bordered-box wp-block-ub-styled-box\" id=\"ub-styled-box-ef557674-6a4a-4041-8cfd-1f0fa86dfcbc\">\n<p id=\"ub-styled-box-bordered-content-\">Facebook Beitrag von RTL Aktuell, 5 M\u00e4rz 2021 &#8220;<a href=\"https:\/\/www.facebook.com\/RTLaktuell\/posts\/pfbid0271MpNVSrazmm11w6N1CndtUrJK5i3hjurQMr4cxHRJGFv1mH1PzVU7jSHmVge5ahl\" title=\"\">P\u00e4dophilie, nicht jeder wird zum T\u00e4ter<\/a>&#8220;<br><br><img loading=\"lazy\" decoding=\"async\" width=\"550\" height=\"445\" class=\"wp-image-1035\" style=\"width: 550px;\" src=\"https:\/\/www.mapblog.xyz\/wp-content\/uploads\/2025\/03\/1hEz3s6.png\" alt=\"\" srcset=\"https:\/\/www.mapblog.xyz\/wp-content\/uploads\/2025\/03\/1hEz3s6.png 661w, https:\/\/www.mapblog.xyz\/wp-content\/uploads\/2025\/03\/1hEz3s6-300x243.png 300w\" sizes=\"auto, (max-width: 550px) 100vw, 550px\" \/><\/p>\n\n\n<\/div><\/div>\n<\/div>\n\n\n<div style=\"border: 3px solid #cf2e2e; border-radius: 0%; background-color: inherit; \" class=\"ub-styled-box ub-bordered-box wp-block-ub-styled-box\" id=\"ub-styled-box-477aeca9-8aad-49fa-af28-5e39c5d74819\">\n<p id=\"ub-styled-box-bordered-content-\">Die Mastodon Instanz &#8220;digitalcourage.social&#8221; hat unsere Instanz grundlos wegen nicht existierendem &#8220;Pro-Pedosex Activism&#8221; gesperrt, in einer Mail teilte der Administrator &#8220;Padeluun&#8221; mit, das Selbsthilfe z.B. Therapeuten zu finden, um nicht Kriminell zu werden, ok sei, aber zu seiner Sexualit\u00e4t zu stehen und damit gut um gehen zu k\u00f6nnen, w\u00fcrde bedeuten, man w\u00fcrde versuchen Sex mit Kindern zu gesellschaftlicher Akzeptanz helfen zu wollen und versuchen sich gegenseitig illegale Quellen zu Kinderpornografie zu verschaffen.  <br><br><img loading=\"lazy\" decoding=\"async\" width=\"550\" height=\"129\" class=\"wp-image-1084\" style=\"width: 550px;\" src=\"https:\/\/www.mapblog.xyz\/wp-content\/uploads\/2025\/03\/21-r14cy7a.png\" alt=\"\" srcset=\"https:\/\/www.mapblog.xyz\/wp-content\/uploads\/2025\/03\/21-r14cy7a.png 622w, https:\/\/www.mapblog.xyz\/wp-content\/uploads\/2025\/03\/21-r14cy7a-300x70.png 300w\" sizes=\"auto, (max-width: 550px) 100vw, 550px\" \/><br><a href=\"https:\/\/www.mapblog.xyz\/wp-content\/uploads\/2025\/03\/138-0G13IOk-1536x391.png\" title=\"\">(bild gr\u00f6\u00dfer)<\/a><br><img loading=\"lazy\" decoding=\"async\" width=\"1250\" height=\"318\" class=\"wp-image-1087\" style=\"width: 1250px;\" src=\"https:\/\/www.mapblog.xyz\/wp-content\/uploads\/2025\/03\/138-0G13IOk.png\" alt=\"\" srcset=\"https:\/\/www.mapblog.xyz\/wp-content\/uploads\/2025\/03\/138-0G13IOk.png 1870w, https:\/\/www.mapblog.xyz\/wp-content\/uploads\/2025\/03\/138-0G13IOk-300x76.png 300w, https:\/\/www.mapblog.xyz\/wp-content\/uploads\/2025\/03\/138-0G13IOk-1024x261.png 1024w, https:\/\/www.mapblog.xyz\/wp-content\/uploads\/2025\/03\/138-0G13IOk-768x195.png 768w, https:\/\/www.mapblog.xyz\/wp-content\/uploads\/2025\/03\/138-0G13IOk-1536x391.png 1536w\" sizes=\"auto, (max-width: 1250px) 100vw, 1250px\" \/><\/p>\n\n\n<\/div>\n\n<div style=\"border: 3px solid #cf2e2e; border-radius: 0%; background-color: inherit; \" class=\"ub-styled-box ub-bordered-box wp-block-ub-styled-box\" id=\"ub-styled-box-0b8c08b4-dd2e-4aaa-aae2-b1d19bb7c5d5\">\n<p id=\"ub-styled-box-bordered-content-\">Eine Frage bei &#8220;GuteFrage&#8221; hier hat ein User, wie es oft passiert, die Hashtags #P\u00e4dophilie und #SexmitKindern benutzt, weil er offenbar nicht zwischen einer Sexualit\u00e4t und einer Straftat differenzieren kann.<br><br><img loading=\"lazy\" decoding=\"async\" width=\"350\" height=\"439\" class=\"wp-image-1085\" style=\"width: 350px;\" src=\"https:\/\/www.mapblog.xyz\/wp-content\/uploads\/2025\/03\/46-R3F7aft.png\" alt=\"\" srcset=\"https:\/\/www.mapblog.xyz\/wp-content\/uploads\/2025\/03\/46-R3F7aft.png 322w, https:\/\/www.mapblog.xyz\/wp-content\/uploads\/2025\/03\/46-R3F7aft-239x300.png 239w\" sizes=\"auto, (max-width: 350px) 100vw, 350px\" \/><\/p>\n\n\n<\/div>\n\n<div style=\"border: 3px solid #cf2e2e; border-radius: 0%; background-color: inherit; \" class=\"ub-styled-box ub-bordered-box wp-block-ub-styled-box\" id=\"ub-styled-box-10f39cf4-f818-42be-82e0-01c386ddadf1\">\n<p id=\"ub-styled-box-bordered-content-\">Menschen empfinden es als v\u00f6llig nat\u00fcrlich, wie hier auf &#8220;GuteFrage&#8221; sich zu fragen, ob man als guter Christ P\u00e4dophilie Schlagen, Bedrohen und mehr darf.<br><br><img loading=\"lazy\" decoding=\"async\" width=\"550\" height=\"233\" class=\"wp-image-1095\" style=\"width: 550px;\" src=\"https:\/\/www.mapblog.xyz\/wp-content\/uploads\/2025\/03\/157-ZSAL0Xf.png\" alt=\"\" srcset=\"https:\/\/www.mapblog.xyz\/wp-content\/uploads\/2025\/03\/157-ZSAL0Xf.png 669w, https:\/\/www.mapblog.xyz\/wp-content\/uploads\/2025\/03\/157-ZSAL0Xf-300x127.png 300w\" sizes=\"auto, (max-width: 550px) 100vw, 550px\" \/><\/p>\n\n\n<\/div>\n\n<div style=\"border: 3px solid #cf2e2e; border-radius: 0%; background-color: inherit; \" class=\"ub-styled-box ub-bordered-box wp-block-ub-styled-box\" id=\"ub-styled-box-3e0f4ba9-8e8f-41b0-85a3-e9023c08f4e6\">\n<p id=\"ub-styled-box-bordered-content-\">Die &#8220;Kinderschutzorganisation&#8221; &#8220;Innocence in Danger&#8221; hat nach dem Rebranding von Kindersch\u00fctzern von P\u00e4dophilie zu &#8220;Minor Attracted Person&#8221; und der Kreierung einer eigenen Pridefahne, versucht Minor Attraction mit sexuellem Missbrauch in Verbindung zu bringen.<br><br><img loading=\"lazy\" decoding=\"async\" width=\"550\" height=\"544\" class=\"wp-image-1097\" style=\"width: 550px;\" src=\"https:\/\/www.mapblog.xyz\/wp-content\/uploads\/2025\/03\/260-7Kn71wo.png\" alt=\"\" srcset=\"https:\/\/www.mapblog.xyz\/wp-content\/uploads\/2025\/03\/260-7Kn71wo.png 692w, https:\/\/www.mapblog.xyz\/wp-content\/uploads\/2025\/03\/260-7Kn71wo-300x297.png 300w\" sizes=\"auto, (max-width: 550px) 100vw, 550px\" \/><\/p>\n\n\n<\/div>\n\n<div style=\"border: 3px solid #cf2e2e; border-radius: 0%; background-color: inherit; \" class=\"ub-styled-box ub-bordered-box wp-block-ub-styled-box\" id=\"ub-styled-box-260c29bf-6f2a-4067-87fa-117e7343476d\">\n<p id=\"ub-styled-box-bordered-content-\">Unbekannt ob von der Polizei oder der Bild Zeitung erfunden, &#8220;Kampf gegen P\u00e4dophilie&#8221;<br><img loading=\"lazy\" decoding=\"async\" width=\"350\" height=\"356\" class=\"wp-image-1098\" style=\"width: 350px;\" src=\"https:\/\/www.mapblog.xyz\/wp-content\/uploads\/2025\/03\/357-yOSM5WQ.png\" alt=\"\" srcset=\"https:\/\/www.mapblog.xyz\/wp-content\/uploads\/2025\/03\/357-yOSM5WQ.png 331w, https:\/\/www.mapblog.xyz\/wp-content\/uploads\/2025\/03\/357-yOSM5WQ-295x300.png 295w\" sizes=\"auto, (max-width: 350px) 100vw, 350px\" \/><\/p>\n\n\n<\/div>\n\n<div style=\"border: 3px solid #cf2e2e; border-radius: 0%; background-color: inherit; \" class=\"ub-styled-box ub-bordered-box wp-block-ub-styled-box\" id=\"ub-styled-box-0ac236ca-e371-48a6-89ee-b0df3b5ebcdc\">\n<p id=\"ub-styled-box-bordered-content-\">Hier fantasiert die &#8220;Kinderschutzorganisation&#8221; &#8220;Sicher-Stark-Stiftung&#8221; von &#8220;P\u00e4dophilen \u00dcbergriffen&#8221; an Badeseen.<br><br><img loading=\"lazy\" decoding=\"async\" width=\"450\" height=\"325\" class=\"wp-image-1104\" style=\"width: 450px;\" src=\"https:\/\/www.mapblog.xyz\/wp-content\/uploads\/2025\/03\/03ibj6F.png\" alt=\"\" srcset=\"https:\/\/www.mapblog.xyz\/wp-content\/uploads\/2025\/03\/03ibj6F.png 1269w, https:\/\/www.mapblog.xyz\/wp-content\/uploads\/2025\/03\/03ibj6F-300x217.png 300w, https:\/\/www.mapblog.xyz\/wp-content\/uploads\/2025\/03\/03ibj6F-1024x740.png 1024w, https:\/\/www.mapblog.xyz\/wp-content\/uploads\/2025\/03\/03ibj6F-768x555.png 768w\" sizes=\"auto, (max-width: 450px) 100vw, 450px\" \/><\/p>\n\n\n<\/div>\n\n<div style=\"border: 3px solid #cf2e2e; border-radius: 0%; background-color: inherit; \" class=\"ub-styled-box ub-bordered-box wp-block-ub-styled-box\" id=\"ub-styled-box-42b9502f-4b0b-4baa-af85-446cbfc6f396\">\n<p id=\"ub-styled-box-bordered-content-\"><a href=\"https:\/\/www.bzkj.de\/resource\/blob\/197826\/5e88ec66e545bcb196b7bf81fc6dd9e3\/2-auflage-gefaehrdungsatlas-data.pdf\" title=\"\">Bundeszentrale f\u00fcr Kinder und Jugend Medienschutz<\/a> bringt Foren f\u00fcr P\u00e4dophile Menschen mit Kinderpornografie in Verbindung.<br><br><img loading=\"lazy\" decoding=\"async\" width=\"450\" height=\"237\" class=\"wp-image-1106\" style=\"width: 450px;\" src=\"https:\/\/www.mapblog.xyz\/wp-content\/uploads\/2025\/03\/06eed22c6efdec0f.png\" alt=\"\" srcset=\"https:\/\/www.mapblog.xyz\/wp-content\/uploads\/2025\/03\/06eed22c6efdec0f.png 663w, https:\/\/www.mapblog.xyz\/wp-content\/uploads\/2025\/03\/06eed22c6efdec0f-300x158.png 300w\" sizes=\"auto, (max-width: 450px) 100vw, 450px\" \/><\/p>\n\n\n<\/div>\n\n<div style=\"border: 3px solid #cf2e2e; border-radius: 0%; background-color: inherit; \" class=\"ub-styled-box ub-bordered-box wp-block-ub-styled-box\" id=\"ub-styled-box-97e8677b-d1c9-4398-b8ca-bac3f593301f\">\n<p id=\"ub-styled-box-bordered-content-\"><br>&#8220;Habt ihr als Alleinerziehende Angst vor P\u00e4dophilen&#8221;<br>&#8220;Welche Abwehrmechanismen habt ihr da&#8221;<br><br><img loading=\"lazy\" decoding=\"async\" width=\"550\" height=\"282\" class=\"wp-image-1134\" style=\"width: 550px;\" src=\"https:\/\/www.mapblog.xyz\/wp-content\/uploads\/2025\/03\/790-U4B3WSa.png\" alt=\"\" srcset=\"https:\/\/www.mapblog.xyz\/wp-content\/uploads\/2025\/03\/790-U4B3WSa.png 664w, https:\/\/www.mapblog.xyz\/wp-content\/uploads\/2025\/03\/790-U4B3WSa-300x154.png 300w\" sizes=\"auto, (max-width: 550px) 100vw, 550px\" \/><br><br><\/p>\n\n\n<\/div>\n\n<div style=\"border: 3px solid #cf2e2e; border-radius: 0%; background-color: inherit; \" class=\"ub-styled-box ub-bordered-box wp-block-ub-styled-box\" id=\"ub-styled-box-d3ec1da9-6c85-4045-b353-c50775bcb247\">\n<p id=\"ub-styled-box-bordered-content-\">hinweis: &#8220;Entkriminalisierung von P\u00e4dophilie&#8221; ist ein narrativ, das immer wieder, insbesondere aus Ecken von Rechten und Schwurblern kommt (die Person hier ist nicht gemeint), weil diese nicht verstehen, das man eine sexuelle Identit\u00e4t nicht Entkriminalisieren kann, da diese nicht illegal ist.<br><br><img loading=\"lazy\" decoding=\"async\" width=\"450\" height=\"83\" class=\"wp-image-1135\" style=\"width: 450px;\" src=\"https:\/\/www.mapblog.xyz\/wp-content\/uploads\/2025\/03\/5FJ9W6g.png\" alt=\"\" srcset=\"https:\/\/www.mapblog.xyz\/wp-content\/uploads\/2025\/03\/5FJ9W6g.png 604w, https:\/\/www.mapblog.xyz\/wp-content\/uploads\/2025\/03\/5FJ9W6g-300x55.png 300w\" sizes=\"auto, (max-width: 450px) 100vw, 450px\" \/><\/p>\n\n\n<\/div>\n\n<div style=\"border: 3px solid #cf2e2e; border-radius: 0%; background-color: inherit; \" class=\"ub-styled-box ub-bordered-box wp-block-ub-styled-box\" id=\"ub-styled-box-c6121496-aa2b-40c8-abb8-cef99f03da4b\">\n<p id=\"ub-styled-box-bordered-content-\">Menschen mit Fantasien, wie man andere aufgrund ihrer Sexualit\u00e4t &#8220;Ausl\u00f6schen&#8221; kann.<br><br><img loading=\"lazy\" decoding=\"async\" width=\"450\" height=\"154\" class=\"wp-image-1137\" style=\"width: 450px;\" src=\"https:\/\/www.mapblog.xyz\/wp-content\/uploads\/2025\/03\/1475-BTnvFj8.png\" alt=\"\" srcset=\"https:\/\/www.mapblog.xyz\/wp-content\/uploads\/2025\/03\/1475-BTnvFj8.png 672w, https:\/\/www.mapblog.xyz\/wp-content\/uploads\/2025\/03\/1475-BTnvFj8-300x103.png 300w\" sizes=\"auto, (max-width: 450px) 100vw, 450px\" \/><\/p>\n\n\n<\/div>\n\n<div style=\"border: 3px solid #cf2e2e; border-radius: 0%; background-color: inherit; \" class=\"ub-styled-box ub-bordered-box wp-block-ub-styled-box\" id=\"ub-styled-box-918f9ef7-b96c-4a82-b423-f045d72ff29a\">\n<p id=\"ub-styled-box-bordered-content-\">Schwurbler die P\u00e4dophilie lieber &#8220;Sexualisierte Gewalt gegen Kinder&#8221; nennen wollen.<br><br><img loading=\"lazy\" decoding=\"async\" width=\"450\" height=\"460\" class=\"wp-image-1138\" style=\"width: 450px;\" src=\"https:\/\/www.mapblog.xyz\/wp-content\/uploads\/2025\/03\/1615-esLoPGX.png\" alt=\"\" srcset=\"https:\/\/www.mapblog.xyz\/wp-content\/uploads\/2025\/03\/1615-esLoPGX.png 612w, https:\/\/www.mapblog.xyz\/wp-content\/uploads\/2025\/03\/1615-esLoPGX-294x300.png 294w\" sizes=\"auto, (max-width: 450px) 100vw, 450px\" \/><\/p>\n\n\n<\/div>\n\n<div style=\"border: 3px solid #cf2e2e; border-radius: 0%; background-color: inherit; \" class=\"ub-styled-box ub-bordered-box wp-block-ub-styled-box\" id=\"ub-styled-box-cd496c3c-6b30-4274-bc96-91bcd4d81728\">\n<p id=\"ub-styled-box-bordered-content-\">Der Mensch hat eine andere Sexualit\u00e4t, lasst ihn uns an die Kripo Melden&#8221;<br><br><img loading=\"lazy\" decoding=\"async\" width=\"450\" height=\"158\" class=\"wp-image-1139\" style=\"width: 450px;\" src=\"https:\/\/www.mapblog.xyz\/wp-content\/uploads\/2025\/03\/TkMbi03.png\" alt=\"\" srcset=\"https:\/\/www.mapblog.xyz\/wp-content\/uploads\/2025\/03\/TkMbi03.png 551w, https:\/\/www.mapblog.xyz\/wp-content\/uploads\/2025\/03\/TkMbi03-300x105.png 300w\" sizes=\"auto, (max-width: 450px) 100vw, 450px\" \/><\/p>\n\n\n<\/div>\n\n<div style=\"border: 3px solid #cf2e2e; border-radius: 0%; background-color: inherit; \" class=\"ub-styled-box ub-bordered-box wp-block-ub-styled-box\" id=\"ub-styled-box-becb35af-2e08-4e1e-a51c-225933f4a56d\">\n<p id=\"ub-styled-box-bordered-content-\">Genau wegen solcher verleumderischen vorw\u00fcrfe, laufen gegen sie und viele weitere Personen noch Anzeigen, stell dir vor du hast einfach nur eine andere Sexualit\u00e4t, und dir werden laufend Straftaten vorgeworfen.<br><br><img loading=\"lazy\" decoding=\"async\" width=\"450\" height=\"172\" class=\"wp-image-1140\" style=\"width: 450px;\" src=\"https:\/\/www.mapblog.xyz\/wp-content\/uploads\/2025\/03\/1623-uNOEdE1.png\" alt=\"\" srcset=\"https:\/\/www.mapblog.xyz\/wp-content\/uploads\/2025\/03\/1623-uNOEdE1.png 606w, https:\/\/www.mapblog.xyz\/wp-content\/uploads\/2025\/03\/1623-uNOEdE1-300x115.png 300w\" sizes=\"auto, (max-width: 450px) 100vw, 450px\" \/><\/p>\n\n\n<\/div>\n\n<div style=\"border: 3px solid #cf2e2e; border-radius: 0%; background-color: inherit; \" class=\"ub-styled-box ub-bordered-box wp-block-ub-styled-box\" id=\"ub-styled-box-43d89354-047e-49f3-ad79-836118865a9b\">\n<p id=\"ub-styled-box-bordered-content-\">Selbst nach einfachen Dingen wie #Mappride zu Suchen triggert automatische Systeme, welche die Sexualit\u00e4t und Pride eines Menschen mit Missbrauch in Verbindung bringen.<br><br><img loading=\"lazy\" decoding=\"async\" width=\"450\" height=\"253\" class=\"wp-image-1141\" style=\"width: 450px;\" src=\"https:\/\/www.mapblog.xyz\/wp-content\/uploads\/2025\/03\/1654-o3Q4cwm.png\" alt=\"\" srcset=\"https:\/\/www.mapblog.xyz\/wp-content\/uploads\/2025\/03\/1654-o3Q4cwm.png 627w, https:\/\/www.mapblog.xyz\/wp-content\/uploads\/2025\/03\/1654-o3Q4cwm-300x169.png 300w\" sizes=\"auto, (max-width: 450px) 100vw, 450px\" \/><\/p>\n\n\n<\/div>\n\n<div style=\"border: 3px solid #cf2e2e; border-radius: 0%; background-color: inherit; \" class=\"ub-styled-box ub-bordered-box wp-block-ub-styled-box\" id=\"ub-styled-box-4beed925-90dc-4f0b-b415-73f10ec892bd\">\n<p id=\"ub-styled-box-bordered-content-\">Moderatoren der Plattform &#8220;GuteFrage&#8221; meinen Jugendlichen mitzuteilen, wenn sie sich zu Kindern hinzugezogen f\u00fchlen, m\u00fcssten sie automatisch &#8220;Kein T\u00e4ter Werden&#8221; aufsuchen, ihnen zu sagen wie sie anderweitig Hilfe bei gleichgesinnten finden ist Verboten.<br><br><img loading=\"lazy\" decoding=\"async\" width=\"450\" height=\"390\" class=\"wp-image-1144\" style=\"width: 450px;\" src=\"https:\/\/www.mapblog.xyz\/wp-content\/uploads\/2025\/03\/2903-hyxRDfv.png\" alt=\"\" srcset=\"https:\/\/www.mapblog.xyz\/wp-content\/uploads\/2025\/03\/2903-hyxRDfv.png 664w, https:\/\/www.mapblog.xyz\/wp-content\/uploads\/2025\/03\/2903-hyxRDfv-300x260.png 300w\" sizes=\"auto, (max-width: 450px) 100vw, 450px\" \/><\/p>\n\n\n<\/div>\n\n<div style=\"border: 3px solid #cf2e2e; border-radius: 0%; background-color: inherit; \" class=\"ub-styled-box ub-bordered-box wp-block-ub-styled-box\" id=\"ub-styled-box-f1004b09-003d-47a3-94a0-b1773f322ecd\">\n<p id=\"ub-styled-box-bordered-content-\">Ein weiteres Negativbeispiel &#8220;Angelika Oetken&#8221; von Spiegelstelle, eine von ihr alleine betriebene seite, die Falschinformationen und Hetze verbreitet, und meint, dass Menschen sich eher Therapeutisch helfen lassen sollen, anstelle dar\u00fcber zu reden.  <br><br><img loading=\"lazy\" decoding=\"async\" width=\"450\" height=\"93\" class=\"wp-image-1146\" style=\"width: 450px;\" src=\"https:\/\/www.mapblog.xyz\/wp-content\/uploads\/2025\/03\/2992-s8vHgPJ.png\" alt=\"\" srcset=\"https:\/\/www.mapblog.xyz\/wp-content\/uploads\/2025\/03\/2992-s8vHgPJ.png 578w, https:\/\/www.mapblog.xyz\/wp-content\/uploads\/2025\/03\/2992-s8vHgPJ-300x62.png 300w\" sizes=\"auto, (max-width: 450px) 100vw, 450px\" \/><\/p>\n\n\n<\/div>\n\n<div style=\"border: 3px solid #cf2e2e; border-radius: 0%; background-color: inherit; \" class=\"ub-styled-box ub-bordered-box wp-block-ub-styled-box\" id=\"ub-styled-box-5b26e649-bfcf-450f-bc42-41e928a700f4\">\n<p id=\"ub-styled-box-bordered-content-\">Fragen direkt aus der H\u00f6lle&#8230;<br><br><img loading=\"lazy\" decoding=\"async\" width=\"450\" height=\"118\" class=\"wp-image-1147\" style=\"width: 450px;\" src=\"https:\/\/www.mapblog.xyz\/wp-content\/uploads\/2025\/03\/2999-N7COpdC.png\" alt=\"\" srcset=\"https:\/\/www.mapblog.xyz\/wp-content\/uploads\/2025\/03\/2999-N7COpdC.png 714w, https:\/\/www.mapblog.xyz\/wp-content\/uploads\/2025\/03\/2999-N7COpdC-300x79.png 300w\" sizes=\"auto, (max-width: 450px) 100vw, 450px\" \/><br><img loading=\"lazy\" decoding=\"async\" width=\"450\" height=\"95\" class=\"wp-image-1148\" style=\"width: 450px;\" src=\"https:\/\/www.mapblog.xyz\/wp-content\/uploads\/2025\/03\/3001-zSYGNNJ.png\" alt=\"\" srcset=\"https:\/\/www.mapblog.xyz\/wp-content\/uploads\/2025\/03\/3001-zSYGNNJ.png 581w, https:\/\/www.mapblog.xyz\/wp-content\/uploads\/2025\/03\/3001-zSYGNNJ-300x64.png 300w\" sizes=\"auto, (max-width: 450px) 100vw, 450px\" \/><\/p>\n\n\n<\/div>","protected":false},"excerpt":{"rendered":"<p>Hallo, ich dachte, ich er\u00f6ffne mal eine neue kleine Kategorie zur Hatespeech, um aufzuzeigen, was Menschen wie ich, den ganzen Tag an Hassbotschaften wegen ihrer Sexualit\u00e4t ertragen m\u00fcssen. 1) Dieser Post wird st\u00e4ndig aktualisiert.2) Die Nachrichten und die Usernamen werden unzensiert gepostet, wer mit Klarnamen im Netz hetzen kann, der muss auch ertragen dazu Expos\u00e9&#8217;d [&hellip;]<\/p>\n","protected":false},"author":1,"featured_media":0,"parent":0,"menu_order":0,"comment_status":"closed","ping_status":"closed","template":"","meta":{"footnotes":""},"class_list":["post-1034","page","type-page","status-publish","hentry"],"aioseo_notices":[],"featured_image_src":null,"_links":{"self":[{"href":"https:\/\/www.mapblog.xyz\/index.php?rest_route=\/wp\/v2\/pages\/1034","targetHints":{"allow":["GET"]}}],"collection":[{"href":"https:\/\/www.mapblog.xyz\/index.php?rest_route=\/wp\/v2\/pages"}],"about":[{"href":"https:\/\/www.mapblog.xyz\/index.php?rest_route=\/wp\/v2\/types\/page"}],"author":[{"embeddable":true,"href":"https:\/\/www.mapblog.xyz\/index.php?rest_route=\/wp\/v2\/users\/1"}],"replies":[{"embeddable":true,"href":"https:\/\/www.mapblog.xyz\/index.php?rest_route=%2Fwp%2Fv2%2Fcomments&post=1034"}],"version-history":[{"count":14,"href":"https:\/\/www.mapblog.xyz\/index.php?rest_route=\/wp\/v2\/pages\/1034\/revisions"}],"predecessor-version":[{"id":1365,"href":"https:\/\/www.mapblog.xyz\/index.php?rest_route=\/wp\/v2\/pages\/1034\/revisions\/1365"}],"wp:attachment":[{"href":"https:\/\/www.mapblog.xyz\/index.php?rest_route=%2Fwp%2Fv2%2Fmedia&parent=1034"}],"curies":[{"name":"wp","href":"https:\/\/api.w.org\/{rel}","templated":true}]}}